Let q be l(-9). Is -456*q/9 + 5 a composite number?
False
Let p = -2432 - -15313. Is p a prime number?
False
Suppose -8*b - 26 = -7*b. Let r = 25 + b. Let c(m) = 14*m**2 + m + 1. Is c(r) a prime number?
False
Let k be 5/((-5)/(-217))*-1. Let o = -98 - k. Is o prime?
False
Let g = 957 + -140. Let m = g + -330. Is m composite?
False
Suppose 13*o - 11*o - 2594 = 0. Is o a composite number?
False
Suppose 58*f = 5*f + 3573101. Is f composite?
True
Suppose -3*w = 2*j - 1002 - 3961, -4*w + j + 6632 = 0. Is w composite?
False
Let v = 20 + -20. Let t(k) = 3 - 8*k**2 + 15*k + 2 + 4 + v - k**3. Is t(-10) composite?
False
Let c be 5/(3 + -6 + 2). Let v = 5 + c. Suppose -3*x + 4*x - 201 = v. Is x composite?
True
Let d = -6 - -8. Suppose 0*m = -d*m + 10. Suppose 4*k = m*k - 635. Is k a composite number?
True
Suppose -84 = -2*d + 2*f, -2*d = -6*d + 3*f + 166. Suppose -4*g - 4*x + d = 0, 4*g - 42 = x - 6*x. Suppose 0 = -4*v - g, -p - 1007 = -4*p + v. Is p composite?
True
Suppose m = -i + 5*i - 1536, 2*m = -i + 393. Suppose 0 = -4*k + 927 + i. Let n = k + -179. Is n a composite number?
False
Suppose 4*o - 14 = j, -16 = -2*j - 3*o - 0*o. Suppose h = 3*c - 5*c + 7, j*c = 5*h - 11. Suppose 534 = 4*s - c*s - w, 2*s + 3*w - 550 = 0. Is s a prime number?
True
Let y be (-26)/(-65) + (-5)/((-50)/3396). Suppose -5*g + o + y = 0, -2*g - o = o - 124. Is g prime?
True
Suppose 7*k - 367941 = -14*k. Is k a prime number?
False
Suppose -2*o = -4*o - 2*f + 5640, 0 = -o - 3*f + 2822. Suppose -m + 3*t + o = -0*t, 4*m + 2*t = 11220. Is m a prime number?
False
Suppose 3*s = -4*l - 820 + 3999, 0 = -5*l - 5. Is s a composite number?
False
Let q(v) = -17*v**2 - 5*v + 67. Let b(l) = -9*l**2 - 3*l + 33. Let a(c) = -5*b(c) + 2*q(c). Is a(-8) prime?
False
Let z(s) be the first derivative of 2 + 7*s - 3 - 4*s + 4*s**2. Is z(2) a composite number?
False
Suppose 5*t + 2 = -8. Let m = 63 - 49. Is 76/7 - t/m a prime number?
True
Suppose 0 = 3*u - 3, 3 = 6*g - 2*g + 3*u. Suppose g = 5*z + 342 - 1637. Suppose -5*m + 4*k + z = 0, 2*k - 3*k - 216 = -4*m. Is m a prime number?
False
Let a = -32 + 33. Is 51*(a + (-4 - -4)) composite?
True
Suppose 11*t + 5877 = 42320. Is t composite?
False
Let g(s) = s**2 - s + 1201. Let u(r) = -3*r + 18. Let h be u(6). Is g(h) composite?
False
Let q(g) be the second derivative of 17*g**6/180 - g**5/40 - g**4/3 - 3*g. Let u(m) be the third derivative of q(m). Is u(2) prime?
False
Is 22/(-187) + (-615174)/(-102) prime?
False
Suppose -4*b - 5*u = -3800, -4*u = -2*b - 6*u + 1902. Is b prime?
False
Let b be 4*(-3 + 17/4). Suppose 0 = 2*x - 5*d + 173, 3*d - 257 = b*x + 128. Is x/(-6)*15/5 composite?
False
Let r(q) = q**3 - 5*q**2 + 7. Let b be r(5). Suppose -11358 = -5*u + 2*u. Suppose -b*l + l = -u. Is l composite?
False
Let r = 415 - 1094. Let c = 252 - -730. Let w = c + r. Is w composite?
True
Suppose 1 = 2*v - 3. Let d(i) = -1 + 14*i - i**2 - 13*i + 0*i**2 - v*i**2 + 10*i**3. Is d(2) prime?
False
Suppose 5*w + 0*w - 10 = 0. Let n be (-5 - -3) + (160 - -1). Suppose n = b + w*b. Is b prime?
True
Suppose 0 = 45*p - 47*p + 63062. Is p a composite number?
False
Let f(q) = -q**3 - 13*q**2 + 15*q + 2. Let w be f(-14). Let l = 199 + w. Is l composite?
True
Suppose -r + 3 = 3*q - 6, -2*q = 5*r - 19. Let o(k) = -172*k**2 + 5*k - 3. Let h be o(r). Let z = h - -2253. Is z prime?
False
Let q = -22 - -22. Suppose q*n = -4*n + 4244. Is n composite?
False
Suppose 171*g = 207*g - 79308. Is g a prime number?
True
Suppose 2*f + 2 = -5*p, -5*p + f + f + 2 = 0. Suppose 5*t = -p*t + 5. Is -15*t/((-12)/8) a prime number?
False
Let j = -91 + 92. Is ((-9)/(-6))/((3/1262)/j) composite?
False
Let r(d) = d**2 - 5*d - 7. Let z be r(7). Suppose -5*i + 10 = 5*g, 4*i - z*g = -2*g + 8. Suppose -125 = -i*u - 11. Is u a composite number?
True
Let j(q) = q**3 - 5*q**2 - 6*q + 1. Let r be j(6). Let y = r + 4. Suppose -y*a = 0, -a + 16 + 0 = 4*c. Is c a composite number?
True
Suppose 3*u - 2*u - 3 = 0. Let p(m) = 110*m + 6. Let h(g) = -73*g - 4. Let o(w) = 7*h(w) + 5*p(w). Is o(u) prime?
False
Is (1/3)/((8/11967)/8) a prime number?
True
Let o(r) = r**2 - 7*r + 3. Let y be o(7). Suppose 3*m = 7*m - 1392. Suppose c - m = -y*c. Is c prime?
False
Let f(g) = 47*g**2 + 13*g - 35. Is f(-16) prime?
True
Let i(s) = 558*s + 77. Is i(12) composite?
True
Let m(s) = -s**2 - 5*s + 8. Let v be m(-6). Let u = 762 + -760. Suppose v*b = -u*b + 2492. Is b composite?
True
Suppose -5*h - o + 2220 = 0, 5*h - 2*o + 0*o = 2220. Is (-1)/(3/h)*(-3)/4 prime?
False
Let j be (0 - 4)*(-4 - -3). Let s = -450 - -1200. Suppose 5*f = 4*i - 591, 0 = 5*i + j*f + f - s. Is i a prime number?
True
Suppose 0 = 5*j - 10, n + 6*j - j = 12. Suppose 4*p + 3*c - 16168 = n*c, 2*p - 8102 = 4*c. Is p composite?
True
Suppose -6*a - 14 = -13*a. Suppose a*n = -n + 4431. Is n prime?
False
Suppose 3*k - 10 = -4. Suppose -3*p = -1 - k, b + 3*p - 186 = 0. Suppose 0 = -5*l + 4*h + 375, -7*h + b = 2*l - 2*h. Is l a prime number?
True
Suppose 0 = 4*a - 20, 2*a = -2*x + 2 + 16. Let q be (x/(-8) - 1)*-2. Is (2 + -12)*-16 - q a prime number?
True
Suppose 82540 + 27638 = 18*b. Is b a composite number?
False
Suppose 2*w = -3*d + 5*w + 35961, 2*d - 23982 = -2*w. Is d a prime number?
False
Suppose -v + 9 + 4 = 4*b, 4*v - 2*b = 16. Let j(x) = -6*x - 114. Let r be j(-19). Suppose v*p - 6*p + 119 = r. Is p composite?
True
Let t be (-1)/(-1*4/12). Suppose 1781 = m - 3*o, t*o - 5021 - 2118 = -4*m. Let w = m + -525. Is w prime?
True
Suppose -k - 3*g = -25, -45 = -2*k + g - 2*g. Is (k/(-11))/(2/(-79)) a composite number?
False
Let m(x) = -486*x + 91. Is m(-12) prime?
True
Let i(v) = 216*v + 53. Is i(10) a composite number?
False
Suppose -5*b - 15 = a, -2*a = -5*b + 2*a - 15. Let w be ((2 + b)*403)/(-1). Is (-3)/9 - w/(-3) composite?
True
Suppose 0 = -0*s + s - 5*k - 1158, 2*s = 5*k + 2326. Is (s*4)/2 + 4/(-4) composite?
True
Let h be 34/(-8) - 3/(-12). Let q(n) = -205*n - 11. Is q(h) a prime number?
True
Let s(w) = 88*w + 1. Is s(16) a composite number?
False
Is 22122/3 + (-9 - (-8 + 4)) a prime number?
True
Suppose -3*c + 16191 = -4*t, 7*t + 4*c + 4024 = 6*t. Let h = -2683 - t. Is h composite?
False
Suppose -50154 - 46238 = -8*a. Is a a composite number?
False
Let u = -11 + 15. Let b be (5/(-60)*-8)/((-4)/(-1194)). Suppose -3*r = -4*r + u*h + 107, -3*h = -2*r + b. Is r a prime number?
False
Suppose 0 = -3*i - 5*x + 78047, -5*i + 5*x - 3313 = -133338. Is i a composite number?
True
Suppose 2*t - 2682 = 5*b, 5182 = 5*t + 4*b - 1523. Let p = t + -440. Is p a prime number?
False
Suppose 0*q + 18 = -3*q. Let i be (-4443)/2 + 3/q. Is i/(-14) + 6/21 prime?
False
Let n be (6/(-4))/(27/(-20916)). Suppose -n = -0*g + 7*g. Let k = -99 - g. Is k composite?
False
Let y(f) = 7*f**3 + f**2 - 5*f + 239. Let q(s) = -6*s**3 - s**2 + 4*s - 239. Let h = -11 - -5. Let z(t) = h*q(t) - 5*y(t). Is z(0) composite?
False
Suppose 2*o + 5*l - 12769 = 0, 4*o - l = 2*l + 25473. Let k = o - 3827. Is k composite?
True
Suppose g - 4*j = -42, j = g + 2*g + 71. Let u = g - -531. Suppose 4*d + w = u, 4*d + 123 = 5*d - 4*w. Is d composite?
False
Suppose 4*r - 47367 = 23461. Is r prime?
True
Suppose 5*w = 4*t - 10431, -3*t - 5*w + 9317 = 1485. Is t a composite number?
False
Suppose 7*n - 8389 = 3910. Is n a prime number?
False
Suppose 5*x + 15 = l, 3*x + 2 + 7 = 4*l. Suppose 5*w - 3*f - 1628 = f, l = w - f - 326. Suppose 0 = 4*h - 4*p - w, 2*p - 71 = -h - 2*p. Is h a prime number?
True
Let x be 31 + -30 + -23*2*-1. Suppose 52*t - 4885 = x*t. Is t a composite number?
False
Suppose -6*j + 4*j + 1270 = 0. Suppose 5*y + j = 2580. Is y composite?
False
Let c(n) = -n**2 + 12*n - 7. Let s be c(11). Let q = s + 0. Suppose -5*g - 240 = -4*y, -y - 3*y + 236 = -q*g. Is y a prime number?
False
Let h be (-276)/(-2) + (4 - 1). Let q = 220 - h. Is q a prime number?
True
Let b(o) be the second derivative of o**6/120 + o**5/10 + 5*o**4/12 - 5*o**3/6 - 7*o. Let c(i) be the second derivative of b(i). Is c(13) prime?
True
Suppose 0 = 204*y - 205*y + 58087. Is y a prime number?
False
Let s = 108 + -60. Let q be (-4)/(s/20)*-3. Suppose -94 = -i - q. Is i prime?
True
Suppose -2*t - 10 = 0, 4*q - q - 42714 = -3*t. Is q prime?
True
Let z(d) = 6*d**2 - 2*d - 163. Is z(15) composite?
True
Suppose -5*a + 40 = -3*r, -4*a = 7*r - 3*r. Su